{"id":134,"date":"2024-05-16T11:35:41","date_gmt":"2024-05-16T11:35:41","guid":{"rendered":"https:\/\/www.pitagorasek.pl\/?page_id=134"},"modified":"2026-04-21T15:38:50","modified_gmt":"2026-04-21T15:38:50","slug":"wyniki-2024","status":"publish","type":"page","link":"https:\/\/www.pitagorasek.pl\/index.php\/wyniki-2024\/","title":{"rendered":"Wyniki 2026"},"content":{"rendered":"\n<figure class=\"wp-block-gallery has-nested-images columns-default is-cropped wp-block-gallery-1 is-layout-flex wp-block-gallery-is-layout-flex\">\n<figure class=\"wp-block-image size-large\"><img loading=\"lazy\" decoding=\"async\" width=\"1024\" height=\"726\" data-id=\"217\" src=\"https:\/\/www.pitagorasek.pl\/wp-content\/uploads\/2026\/04\/pitagorasek-1024x726.png\" alt=\"\" class=\"wp-image-217\" srcset=\"https:\/\/www.pitagorasek.pl\/wp-content\/uploads\/2026\/04\/pitagorasek-1024x726.png 1024w, https:\/\/www.pitagorasek.pl\/wp-content\/uploads\/2026\/04\/pitagorasek-300x213.png 300w, https:\/\/www.pitagorasek.pl\/wp-content\/uploads\/2026\/04\/pitagorasek-768x545.png 768w, https:\/\/www.pitagorasek.pl\/wp-content\/uploads\/2026\/04\/pitagorasek-1536x1090.png 1536w, https:\/\/www.pitagorasek.pl\/wp-content\/uploads\/2026\/04\/pitagorasek.png 1748w\" sizes=\"auto, (max-width: 1024px) 100vw, 1024px\" \/><\/figure>\n<\/figure>\n\n\n\n<p>Wyniki 2025<\/p>\n\n\n\n<p>Zwyci\u0119zcy : <\/p>\n\n\n\n<ul class=\"wp-block-list\">\n<li><strong>Szymon Napiera\u0142a zdoby\u0142 tytu\u0142 &#8222;Pitagoraska 2025&#8221;, <\/strong>&#8211; 100%<\/li>\n\n\n\n<li><strong>Wojciech Gierszal zdoby\u0142 tytu\u0142 &#8222;Pitagoraska 2025&#8221;, <\/strong>&#8211; 100%<\/li>\n\n\n\n<li><strong>Pawe\u0142 Kacprzycki<\/strong>  otrzyma\u0142 wyr\u00f3\u017cnienie 80%<\/li>\n\n\n\n<li>I,<em>II i III miejsca nie przyznano<\/em><\/li>\n<\/ul>\n\n\n\n<h2 class=\"wp-block-heading\">Szko\u0142y, kt\u00f3re zdoby\u0142y najwi\u0119ksz\u0105 ilo\u015b\u0107 punkt\u00f3w:<\/h2>\n\n\n\n<ul class=\"wp-block-list\">\n<li>I miejsce &#8211; SP nr 2 Murowana Go\u015blina <\/li>\n\n\n\n<li>II miejsce &#8211; SP nr 20  w Poznaniu<\/li>\n\n\n\n<li>III miejsce SSP nr 3 D\u0119binka<\/li>\n<\/ul>\n","protected":false},"excerpt":{"rendered":"<p>Wyniki 2025 Zwyci\u0119zcy : Szko\u0142y, kt\u00f3re zdoby\u0142y najwi\u0119ksz\u0105 ilo\u015b\u0107 punkt\u00f3w:<\/p>\n","protected":false},"author":1,"featured_media":0,"parent":0,"menu_order":0,"comment_status":"closed","ping_status":"closed","template":"","meta":{"footnotes":""},"class_list":["post-134","page","type-page","status-publish","hentry"],"_links":{"self":[{"href":"https:\/\/www.pitagorasek.pl\/index.php\/wp-json\/wp\/v2\/pages\/134","targetHints":{"allow":["GET"]}}],"collection":[{"href":"https:\/\/www.pitagorasek.pl\/index.php\/wp-json\/wp\/v2\/pages"}],"about":[{"href":"https:\/\/www.pitagorasek.pl\/index.php\/wp-json\/wp\/v2\/types\/page"}],"author":[{"embeddable":true,"href":"https:\/\/www.pitagorasek.pl\/index.php\/wp-json\/wp\/v2\/users\/1"}],"replies":[{"embeddable":true,"href":"https:\/\/www.pitagorasek.pl\/index.php\/wp-json\/wp\/v2\/comments?post=134"}],"version-history":[{"count":4,"href":"https:\/\/www.pitagorasek.pl\/index.php\/wp-json\/wp\/v2\/pages\/134\/revisions"}],"predecessor-version":[{"id":218,"href":"https:\/\/www.pitagorasek.pl\/index.php\/wp-json\/wp\/v2\/pages\/134\/revisions\/218"}],"wp:attachment":[{"href":"https:\/\/www.pitagorasek.pl\/index.php\/wp-json\/wp\/v2\/media?parent=134"}],"curies":[{"name":"wp","href":"https:\/\/api.w.org\/{rel}","templated":true}]}}